{"id":8867,"date":"2017-11-25T19:29:18","date_gmt":"2017-11-25T18:29:18","guid":{"rendered":"http:\/\/www.sangamiso.fr\/shop\/?post_type=product&#038;p=8867"},"modified":"2025-11-06T12:04:13","modified_gmt":"2025-11-06T11:04:13","slug":"miso-rouge","status":"publish","type":"product","link":"https:\/\/www.sangamiso.fr\/shop\/produit\/miso-rouge\/","title":{"rendered":"Aka-Miso, ou Miso rouge de riz"},"content":{"rendered":"<h6>Ingr\u00e9dients :<\/h6>\n<ul>\n<li><strong>Soja<\/strong> de Touraine issu de l&rsquo;agriculture biologique,<\/li>\n<li>Riz de Camargue issu de l&rsquo;agriculture biologique,<\/li>\n<li>Sel non raffin\u00e9 de Gu\u00e9rande certifi\u00e9 Nature &amp; Progr\u00e8s,<\/li>\n<li>Aspergillus orysae sans OGM.<\/li>\n<\/ul>\n<h6>Allerg\u00e8nes :<\/h6>\n<p>soja, peut contenir des traces \u00e9ventuelles de gluten, fruit \u00e0 coques et de s\u00e9same<\/p>\n<h6>Fermentation :<\/h6>\n<p>naturelle, de plus de 20 mois, Non-pasteuris\u00e9<\/p>\n<h6>Poids :<\/h6>\n<p>500g en sac alimentaire PA\/PE<\/p>\n<h6>DDM :<\/h6>\n<p>6 mois avant et apr\u00e8s ouverture<\/p>\n<h6>Conservation :<\/h6>\n<p>4\u2103 au r\u00e9frig\u00e9rateur avant et apr\u00e8s ouverture<\/p>\n<h6>Exp\u00e9dition :<\/h6>\n<p>Tous les lundis de d\u00e9but octobre \u00e0 fin avril<\/p>\n","protected":false},"excerpt":{"rendered":"<p>500g<br \/>\n\u7384\u7c73\u8d64\u5473\u564c<br \/>\nLa fermentation de notre miso rouge se fait sur plusieurs ann\u00e9es, ce qui le rend encore meilleur et renforce sa richesse aromatique. Id\u00e9al pour les poissons \u00e0 chair rouge, la viande rouge et les l\u00e9gumes prononc\u00e9s. L&rsquo;aka-miso est traditionnellement utilis\u00e9 comme base dans les fameuses soupes miso du Japon. Non-pasteuris\u00e9.<\/p>\n","protected":false},"featured_media":9213,"comment_status":"open","ping_status":"closed","template":"","meta":[],"product_cat":[207],"product_tag":[],"class_list":{"0":"post-8867","1":"product","2":"type-product","3":"status-publish","4":"has-post-thumbnail","6":"product_cat-miso","8":"first","9":"instock","10":"sale","11":"taxable","12":"shipping-taxable","13":"purchasable","14":"product-type-variable"},"_links":{"self":[{"href":"https:\/\/www.sangamiso.fr\/shop\/wp-json\/wp\/v2\/product\/8867"}],"collection":[{"href":"https:\/\/www.sangamiso.fr\/shop\/wp-json\/wp\/v2\/product"}],"about":[{"href":"https:\/\/www.sangamiso.fr\/shop\/wp-json\/wp\/v2\/types\/product"}],"replies":[{"embeddable":true,"href":"https:\/\/www.sangamiso.fr\/shop\/wp-json\/wp\/v2\/comments?post=8867"}],"wp:featuredmedia":[{"embeddable":true,"href":"https:\/\/www.sangamiso.fr\/shop\/wp-json\/wp\/v2\/media\/9213"}],"wp:attachment":[{"href":"https:\/\/www.sangamiso.fr\/shop\/wp-json\/wp\/v2\/media?parent=8867"}],"wp:term":[{"taxonomy":"product_cat","embeddable":true,"href":"https:\/\/www.sangamiso.fr\/shop\/wp-json\/wp\/v2\/product_cat?post=8867"},{"taxonomy":"product_tag","embeddable":true,"href":"https:\/\/www.sangamiso.fr\/shop\/wp-json\/wp\/v2\/product_tag?post=8867"}],"curies":[{"name":"wp","href":"https:\/\/api.w.org\/{rel}","templated":true}]}}